 o.
11
Let o be 168*(6/4 - 1)*2. Let j be (-2 + -14)/(-1 - 0). Suppose -5 = s, -4*s + j = 5*b - 84. Calculate the highest common divisor of b and o.
24
Let q be 176/10 - (-2)/5. Let u(y) = y**3 - 68*y**2 + 184*y + 760. Let r be u(65). What is the greatest common factor of r and q?
9
Let w(y) = 2*y**2 + 155*y - 2877. Let p be w(19). Calculate the highest common factor of p and 8.
2
Suppose -37*q + 18262 + 23881 = 0. Calculate the highest common factor of 335 and q.
67
Let l = -580 + 513. Let i = 78 + l. What is the highest common factor of 187 and i?
11
Let b be 7871 + (7/(-28))/((-1)/(-20)). Suppose -33*a = 13*a - b. What is the highest common factor of a and 57?
57
Let j be (-1 - (-1415)/2)*8/(-12). Let x = j - -494. Calculate the highest common factor of 115 and x.
23
Let c = -57 - -246. Suppose -37 = -2*l + 5*x, 4*l + 0*l + x = 85. Calculate the highest common factor of l and c.
21
Let u = 22286 - 20165. Calculate the greatest common divisor of 231 and u.
21
Suppose -4*w + 2924 = -2*y + 4*y, -15 = -3*w. Suppose y = 10*o + 12*o. What is the greatest common factor of o and 726?
66
Let i(a) = -a**3 + 9*a**2 - 3*a + 5. Let s(x) = x**2 - 23*x + 7. Let f be s(23). Let l be i(f). Calculate the greatest common divisor of 41 and l.
41
Suppose -4*o + 50 = -5*r, 4*r + 28 = 3*o + 5*r. Suppose -22*v + 672 = -o*v. Let s = -10 - -24. Calculate the highest common divisor of v and s.
14
Let s = -390038 + 390188. Suppose 2*t - 270 = 5*f, 5*t + 2*f - 495 = 122. Calculate the greatest common factor of s and t.
25
Suppose -4*p = -3*z - 229, 2*p - 7*z + 3*z - 122 = 0. Suppose 23*j = p*j - 1216. Calculate the greatest common factor of 2 and j.
2
Let u be 6/(1 - 108/116). Suppose 0 = -5*w - 4*q + 187, -u = -2*w - 2*q - 11. Calculate the greatest common factor of 10 and w.
5
Let t(c) = 7*c**2 + 157*c + 126. Let r be t(-22). Calculate the highest common factor of r and 2628.
12
Let w be (-2 - (16/(-4) - -3))*3. Let n(j) = j**2 + 2*j - 7. Let r be n(w). Let a be (-9)/(-1) - (r - -4). Calculate the greatest common factor of 99 and a.
9
Let w be 631 + ((-20)/12)/(6/(-18)). Suppose -4*t + 4*a = -w, -2*t + 143 = -t + 3*a. Calculate the greatest common divisor of 217 and t.
31
Suppose -4*w + 224 = -2*b, -w + 3*w - 108 = 3*b. Let g be 17/(-7) + (-30)/(-70) + 15. Suppose 4*k - 63 = g. Calculate the highest common factor of w and k.
19
Suppose -393*q = -20*q - 77211. What is the highest common divisor of q and 2760?
69
Let t be (1/2)/((-4)/(-40)). Let y(l) = l**3 + 14*l**2 - 8*l - 107. Let x = -22 + 8. Let q be y(x). Calculate the highest common factor of q and t.
5
Let f be 0/(-10*(-6)/30). Suppose -3*j + d + 43 = 0, f*j + 4*d = 3*j - 55. Calculate the highest common factor of 377 and j.
13
Let z be 213/(-5) - (-2 + (-14)/(-10)). Let i = z - -42. Suppose k + i = 3, 3*k = -2*x + 97. Calculate the greatest common factor of 66 and x.
22
Let b be 12/(-8) + ((-75114)/(-12))/13. Suppose -b = -13*j + 11*j - 3*w, 3*j + 5*w - 720 = 0. What is the greatest common factor of j and 180?
60
Let p = 688 + 122. Let q be ((-8)/5)/((-18)/p). What is the highest common divisor of 27 and q?
9
Let t be -1 + (-772)/(-10) - (-31)/(-155). Calculate the greatest common divisor of 779 and t.
19
Suppose 2*w - 5*k - 38 - 75 = 0, -w + 61 = -4*k. Let s be (-4 + (-1 - (w - 4)))/(-2). Calculate the greatest common factor of 200 and s.
25
Suppose -j - 23 = 6*d, j = -61*d + 58*d - 8. Calculate the greatest common factor of j and 1715.
7
Let a(c) = 1548*c + 1613. Let l be a(-1). What is the highest common divisor of l and 468?
13
Let y = 560 + -545. Suppose -2*z = -75 - y. Calculate the greatest common divisor of 255 and z.
15
Let h = 2956 - 2842. Let j be (-2)/(2 - 28/12). Calculate the highest common factor of h and j.
6
Suppose -5*u - 3*f + 21 = 1, -3*u = 2*f - 12. Suppose u*z = 3*i - z - 73, 3*i = -z + 79. What is the greatest common divisor of 104 and i?
26
Suppose 74 = 20*w - 26. Suppose -3*c = -w*s + 84, s - c = -2*c + 12. Calculate the greatest common divisor of s and 6.
3
Let a be (5 + 23)/(383/(-96) - -4). Calculate the greatest common divisor of 21 and a.
21
Let j = 159 + -119. Let q = -293 + 723. Suppose q = 2*w - 450. What is the greatest common divisor of j and w?
40
Suppose 0 = -u - 5*r + 4 + 7, -33 = -5*u - 3*r. Let b be 1488/u - (-6 - -4). Calculate the greatest common factor of b and 10.
10
Let w = -63 + 67. Let p(r) = r - r - w*r + 3*r + 17. Let u be p(3). What is the highest common divisor of u and 7?
7
Let t = -44618 + 45095. What is the highest common factor of t and 8639?
53
Let b(n) = 27*n**3 + 6*n**2 + 5*n - 8. Let r be b(4). Suppose 37*s = 41*s - r. What is the highest common divisor of s and 51?
51
Suppose -551 + 1 = -11*o. Let l = 76 - o. Suppose -17*u + 20*u - 858 = 0. Calculate the highest common divisor of l and u.
26
Let x(y) = y**3 + 11*y**2 - 256*y - 9. Let j be x(12). Calculate the greatest common factor of j and 24948.
231
Suppose -16*b = 35*b + 46*b - 6111. What is the greatest common factor of 14 and b?
7
Let u be (-2 - -5 - -7)*1. Let n(t) = -t**2 + 8*t - 20. Let p be n(u). Let x = -25 - p. Calculate the highest common divisor of 165 and x.
15
Let y = 8 + -8. Suppose y = -2*r + r + 26. Suppose -4*n + 59 = -n - 5*l, 0 = -2*n + 3*l + 38. What is the greatest common factor of n and r?
13
Suppose -3*n - 5*i + 121 = -179, -4*i + 500 = 5*n. Suppose -n - 296 = -11*y. What is the highest common factor of 12 and y?
12
Let x be (0 - 2)/((-6)/9). Suppose 5*t + 3*l = 435, 5*t - x*l = -0*l + 465. What is the highest common divisor of 18 and t?
18
Let h(a) = -a**3 + 59*a**2 + 119*a + 203. Let m be h(61). Calculate the highest common factor of m and 4.
4
Let m(k) = -178*k - 56. Let f be m(2). Let j = f + 435. Let u = -382 - -543. What is the highest common divisor of u and j?
23
Let s = -30 + 61. Suppose 264 = 10*i - 1416. Let r = -75 + i. Calculate the greatest common factor of s and r.
31
Let p = 10347 - 9891. What is the highest common divisor of 399 and p?
57
Let b = 27 - -15. Let v(l) = -l**3 + 16*l**2 - l + 16. Let g be v(16). Suppose 6*h - 7*h + 70 = g. What is the greatest common factor of b and h?
14
Let r(h) = h**2 - 16*h + 95. Let c be r(7). Let v be 3568/c - 6/4. What is the greatest common factor of 44 and v?
22
Let x(u) = -u**2 - 179*u - 2752. Let r be x(-20). What is the highest common divisor of r and 642?
214
Suppose 2*b - 35 = 53. Let p(g) = 207*g - 2037. Let v be p(10). What is the highest common divisor of v and b?
11
Let q = 83 - 35. Suppose 4*c = c - q. Let g be (c/6)/((-280)/135 + 2). What is the highest common divisor of g and 18?
18
Suppose -45*g + 2502 = -43*g - 5*d, 4*g = -2*d + 5100. What is the greatest common divisor of 651 and g?
31
Suppose 0 = 5*m - 19 - 6, -t + 2*m = -88. Suppose 5*r + 16 = 1, -4*r + t = 5*w. Let y = -47 + 91. What is the highest common factor of w and y?
22
Let n = 376 + -335. Let r = n - -115. Calculate the highest common factor of 104 and r.
52
Let j(z) = -2*z**2 - 10*z + 284. Let r be j(-13). Calculate the highest common divisor of 133 and r.
19
Let c = -167 + 226. Let s = 133 - c. What is the highest common divisor of 37 and s?
37
Suppose 5*j + 5*k - 6980 = 0, -15 + 8 = k. Calculate the greatest common factor of 276 and j.
23
Let x = 6851 + -6456. Calculate the greatest common factor of x and 553.
79
Let h(b) = -5*b**2 + 9*b - 5. Let o be h(4). Let a = -46 - o. Suppose 5*s - 24 = -i, -5*s + a*i + 22 = 6*i. What is the greatest common divisor of s and 50?
5
Suppose 0 = -r + h + 143, 3*h - 205 - 367 = -4*r. Calculate the greatest common factor of 121 and r.
11
Let d be (-3938175)/(-621) + (2/12)/((-2)/(-4)). What is the highest common factor of 84 and d?
42
Suppose 0*v - 4*v = -48. Let s(y) = -4*y**2 + 6*y + 24. Let a be s(4). Let c be (a/12)/(-1)*(5 - -4). Calculate the highest common divisor of c and v.
12
Suppose 4*s + 2*l = 414, -30*l + 23*l - 387 = -4*s. What is the highest common factor of s and 12750?
102
Suppose 0 = 45*k + 65 - 740. Calculate the greatest common factor of k and 865.
5
Let d(x) = 403*x - 2403. Let y be d(6). Let r(k) = -11*k**2 - 3*k + 1. Let v be r(4). Let j = v - -352. What is the greatest common factor of y and j?
15
Let z = -20 + 276. Suppose -367*t + 359*t + z = 0. What is the greatest common diviso